{"id":1937,"date":"2023-11-30T13:40:06","date_gmt":"2023-11-30T12:40:06","guid":{"rendered":"http:\/\/www.HydraulikProfi.com\/?page_id=1937"},"modified":"2023-11-30T14:28:50","modified_gmt":"2023-11-30T13:28:50","slug":"pruefung-und-reparatur-von-hydraulik-und-elektromotoren","status":"publish","type":"page","link":"https:\/\/www.HydraulikProfi.com\/?page_id=1937","title":{"rendered":"Pr\u00fcfung und Reparatur von Hydraulik- und Elektromotoren"},"content":{"rendered":"\n<p>Willkommen in der Welt erstklassiger Hydraulik- und Elektromotorenleistungen! Wir bieten eine herausragende Pr\u00fcfung und Reparatur von Hydrauliksystemen sowie Elektromotoren aller f\u00fchrenden Hersteller.<\/p>\n\n\n\n<p><strong>Warum auf uns setzen?<\/strong><\/p>\n\n\n\n<p>\u2705 <em><strong>Umfassende Expertise<\/strong>:<\/em> Unsere hochqualifizierten Techniker sind wahre Spezialisten auf dem Gebiet der Hydraulik und Elektromotoren. Mit einem tiefen Verst\u00e4ndnis f\u00fcr die Technologie bieten wir herausragende Dienstleistungen f\u00fcr alle Marken.<\/p>\n\n\n\n<p>\u2705 <em><strong>Optimierte Performance<\/strong>:<\/em> Sorgen Sie daf\u00fcr, dass Ihre Hydrauliksysteme und Elektromotoren in H\u00f6chstform sind. Durch gr\u00fcndliche Pr\u00fcfungen und hochwertige Reparaturen maximieren wir nicht nur die Leistung, sondern optimieren auch die Effizienz Ihrer gesamten Anlage.<\/p>\n\n\n\n<p>\u2705 <em><strong>Kosteneffizienz<\/strong>:<\/em> Bei uns erhalten Sie nicht nur erstklassige Reparaturen, sondern auch ein unschlagbares Preis-Leistungs-Verh\u00e4ltnis. Qualit\u00e4t muss nicht teuer sein. Sparen Sie Kosten, ohne auf h\u00f6chste Standards zu verzichten.<\/p>\n\n\n\n<p>\u2705 <em><strong>Zeitersparnis<\/strong>:<\/em> Unsere Experten arbeiten effizient, um Ihre Hydrauliksysteme und Elektromotoren schnell zu pr\u00fcfen und zu reparieren. Minimieren Sie Ausfallzeiten und halten Sie Ihre Anlagen in kontinuierlicher Bewegung.<\/p>\n\n\n\n<p>\u2705 <em>A<strong>lles aus einer Hand<\/strong>:<\/em> Von der detaillierten Diagnose bis zur abschlie\u00dfenden Reparatur bieten wir einen umfassenden Service. Verlassen Sie sich darauf, dass Ihre Hydraulik und Elektromotoren in den besten H\u00e4nden sind.<\/p>\n\n\n\n<p>Vertrauen Sie auf unsere Erfahrung und sorgen Sie f\u00fcr eine reibungslose Funktion Ihrer Technologien. Kontaktieren Sie uns jetzt f\u00fcr eine gr\u00fcndliche Pr\u00fcfung und Reparatur Ihrer Hydrauliksysteme und Elektromotoren. Spitzenleistung, die \u00fcberzeugt!<\/p>\n\n\n\n<figure class=\"is-layout-flex wp-block-gallery-1 wp-block-gallery has-nested-images columns-default is-cropped\">\n<figure class=\"wp-block-image size-large\"><img decoding=\"async\" loading=\"lazy\" width=\"1024\" height=\"684\" data-id=\"1963\"  src=\"http:\/\/www.HydraulikProfi.com\/wp-content\/uploads\/2023\/11\/reparatur-hydraulimotoren-1024x684.png\" alt=\"\" class=\"wp-image-1963\" srcset=\"http:\/\/www.HydraulikProfi.com\/wp-content\/uploads\/2023\/11\/reparatur-hydraulimotoren-1024x684.png 1024w, http:\/\/www.HydraulikProfi.com\/wp-content\/uploads\/2023\/11\/reparatur-hydraulimotoren-300x200.png 300w, http:\/\/www.HydraulikProfi.com\/wp-content\/uploads\/2023\/11\/reparatur-hydraulimotoren-768x513.png 768w, http:\/\/www.HydraulikProfi.com\/wp-content\/uploads\/2023\/11\/reparatur-hydraulimotoren.png 1032w\" sizes=\"(max-width: 1024px) 100vw, 1024px\" \/><\/figure>\n\n\n\n<figure class=\"wp-block-image size-large\"><img decoding=\"async\" loading=\"lazy\" width=\"1024\" height=\"658\" data-id=\"1964\"  src=\"http:\/\/www.HydraulikProfi.com\/wp-content\/uploads\/2023\/11\/reparatur-elektromotoren-hydraulik-1024x658.jpg\" alt=\"\" class=\"wp-image-1964\" srcset=\"http:\/\/www.HydraulikProfi.com\/wp-content\/uploads\/2023\/11\/reparatur-elektromotoren-hydraulik-1024x658.jpg 1024w, http:\/\/www.HydraulikProfi.com\/wp-content\/uploads\/2023\/11\/reparatur-elektromotoren-hydraulik-300x193.jpg 300w, http:\/\/www.HydraulikProfi.com\/wp-content\/uploads\/2023\/11\/reparatur-elektromotoren-hydraulik-768x493.jpg 768w, http:\/\/www.HydraulikProfi.com\/wp-content\/uploads\/2023\/11\/reparatur-elektromotoren-hydraulik-1536x987.jpg 1536w, http:\/\/www.HydraulikProfi.com\/wp-content\/uploads\/2023\/11\/reparatur-elektromotoren-hydraulik-2048x1315.jpg 2048w\" sizes=\"(max-width: 1024px) 100vw, 1024px\" \/><\/figure>\n<\/figure>\n","protected":false},"excerpt":{"rendered":"<p>Willkommen in der Welt erstklassiger Hydraulik- und Elektromotorenleistungen! Wir bieten eine herausragende Pr\u00fcfung und Reparatur von Hydrauliksystemen sowie Elektromotoren aller f\u00fchrenden Hersteller. Warum auf uns setzen? \u2705 Umfassende Expertise: Unsere &#8230;<\/p>\n","protected":false},"author":1,"featured_media":0,"parent":0,"menu_order":0,"comment_status":"closed","ping_status":"closed","template":"","meta":[],"_links":{"self":[{"href":"https:\/\/www.HydraulikProfi.com\/index.php?rest_route=\/wp\/v2\/pages\/1937"}],"collection":[{"href":"https:\/\/www.HydraulikProfi.com\/index.php?rest_route=\/wp\/v2\/pages"}],"about":[{"href":"https:\/\/www.HydraulikProfi.com\/index.php?rest_route=\/wp\/v2\/types\/page"}],"author":[{"embeddable":true,"href":"https:\/\/www.HydraulikProfi.com\/index.php?rest_route=\/wp\/v2\/users\/1"}],"replies":[{"embeddable":true,"href":"https:\/\/www.HydraulikProfi.com\/index.php?rest_route=%2Fwp%2Fv2%2Fcomments&post=1937"}],"version-history":[{"count":3,"href":"https:\/\/www.HydraulikProfi.com\/index.php?rest_route=\/wp\/v2\/pages\/1937\/revisions"}],"predecessor-version":[{"id":1965,"href":"https:\/\/www.HydraulikProfi.com\/index.php?rest_route=\/wp\/v2\/pages\/1937\/revisions\/1965"}],"wp:attachment":[{"href":"https:\/\/www.HydraulikProfi.com\/index.php?rest_route=%2Fwp%2Fv2%2Fmedia&parent=1937"}],"curies":[{"name":"wp","href":"https:\/\/api.w.org\/{rel}","templated":true}]}}